ase 5, what is -10 + 114?
104
In base 14, what is -7a - b?
-87
In base 3, what is 210012 + -212?
202100
In base 8, what is 77 + 12?
111
In base 4, what is 0 - 12013?
-12013
In base 9, what is -126 + 1?
-125
In base 15, what is 253 + 5?
258
In base 15, what is -13d4e - 4?
-13d53
In base 6, what is 1 + 21221?
21222
In base 5, what is 2 - -110?
112
In base 12, what is 273b + -4?
2737
In base 16, what is 7 - 1a?
-13
In base 2, what is -10101001001 - -10?
-10101000111
In base 16, what is -2 - -567?
565
In base 5, what is -3 + -2424?
-2432
In base 3, what is 10 + 100022?
100102
In base 12, what is -5 - -515?
510
In base 11, what is -2a - -21?
-9
In base 15, what is -de + -3b?
-12a
In base 11, what is -613 + 5?
-609
In base 10, what is -8 - -162?
154
In base 14, what is 4 + 22?
26
In base 3, what is 2 - -222101?
222110
In base 12, what is -16 + -13?
-29
In base 3, what is 1221 - 0?
1221
In base 4, what is -121120 + 12?
-121102
In base 12, what is 3 + -192?
-18b
In base 5, what is 21 - 2221?
-2200
In base 6, what is 4 + 224?
232
In base 6, what is -10 + -441?
-451
In base 3, what is 10100220 + 1?
10100221
In base 3, what is -221 + -102?
-1100
In base 11, what is -6 - -732?
727
In base 11, what is 0 + -9a?
-9a
In base 4, what is 310323 - -2?
310331
In base 16, what is 10a - 0?
10a
In base 3, what is 10002 + -10?
2222
In base 8, what is 11207 - 4?
11203
In base 11, what is 170 - -3?
173
In base 9, what is -28 - -33?
4
In base 2, what is 100001 - -1110111?
10011000
In base 16, what is -5 + a4c?
a47
In base 3, what is -221202 - 20?
-221222
In base 13, what is -730 - 6?
-736
In base 7, what is -3324 + 0?
-3324
In base 16, what is -15 + d?
-8
In base 14, what is -63 + 5?
-5c
In base 11, what is 1 - -66?
67
In base 13, what is -4 + 106?
102
In base 2, what is -11 - -10011011001?
10011010110
In base 7, what is 4 - -51?
55
In base 16, what is -42 - -1b?
-27
In base 15, what is -11c + 1?
-11b
In base 8, what is -1 - 1441?
-1442
In base 14, what is -b + -ab7?
-ac4
In base 11, what is 1852 + -a?
1843
In base 15, what is e + -89?
-7a
In base 11, what is 14 + 338?
351
In base 6, what is 0 - 333?
-333
In base 15, what is 1 - -ed?
ee
In base 2, what is 111110001 + -100?
111101101
In base 14, what is -1b - 5?
-22
In base 16, what is -130 - -3?
-12d
In base 9, what is 4 + -24?
-20
In base 4, what is 123232 - -10?
123302
In base 10, what is 3 - 18?
-15
In base 16, what is 3e - 9?
35
In base 8, what is -5 - 37?
-44
In base 6, what is -12 - -33?
21
In base 13, what is 7b1a - 0?
7b1a
In base 9, what is -47525 + -4?
-47530
In base 9, what is -30133 + 0?
-30133
In base 6, what is 102 - 0?
102
In base 7, what is 3660 - 5?
3652
In base 11, what is 2 + 47?
49
In base 15, what is -d - -1?
-c
In base 11, what is 1 - 40?
-3a
In base 12, what is -264 + b?
-255
In base 7, what is -2 + 121?
116
In base 2, what is -1 + -111001?
-111010
In base 3, what is -11 + -21022?
-21110
In base 11, what is -8 + -207?
-214
In base 16, what is -3 - 0?
-3
In base 9, what is 4 + 2026?
2031
In base 7, what is -345 + 3?
-342
In base 12, what is 7 + -53?
-48
In base 16, what is 13 - -19?
2c
In base 14, what is b + -26a?
-25d
In base 2, what is 1010 + -1101?
-11
In base 9, what is 5 + 742?
747
In base 10, what is -6 - -17?
11
In base 10, what is 2 + -517?
-515
In base 6, what is 141 + 130?
311
In base 14, what is c - -478?
486
In base 10, what is 3 - 95?
-92
In base 9, what is 0 - 314?
-314
In base 12, what is -405 - 2?
-407
In base 12, what is 3 - 22?
-1b
In base 4, what is -132 - -321?
123
In base 4, what is -21 + -32?
-113
In base 16, what is -3 - -27?
24
In base 9, what is 1 - -4226?
4227
In base 6, what is -54130 + 0?
-54130
In base 9, what is -41 - 1?
-42
In base 8, what is 113 + -32?
61
In base 7, what is 232 + 2?
234
In base 9, what is -3 - -3857?
3854
In base 4, what is 1 + 120132?
120133
In base 14, what is 5 - 105?
-100
In base 16, what is -8 + e8?
e0
In base 13, what is -93 - -3?
-90
In base 6, what is -3 - -20350?
20343
In base 5, what is 224 + 203?
432
In base 7, what is 46 - 51?
-2
In base 9, what is -4 + 56?
52
In base 12, what is 2452 + 2?
2454
In base 2, what is 0 + 1001001?
1001001
In base 15, what is -8e - 7?
-96
In base 16, what is 27fb - 0?
27fb
In base 12, what is -1368 + -5?
-1371
In base 14, what is -1 + -72c?
-72d
In base 5, what is 1 + -1242?
-1241
In base 13, what is -5 - -4a4?
49c
In base 2, what is -11100111000110 + 10?
-11100111000100
In base 8, what is 1627 + -3?
1624
In base 6, what is 130 - 12?
114
In base 2, what is 11 - -101000?
101011
In base 15, what is 53 - -e?
62
In base 15, what is 4d - 2?
4b
In base 8, what is -40 - 47?
-107
In base 11, what is 4 + 30?
34
In base 14, what is -3 - 11c?
-121
In base 10, what is 3852 + 5?
3857
In base 2, what is -11 + -110110101?
-110111000
In base 2, what is 101 + -1010110101?
-1010110000
In base 12, what is -8b - -1?
-8a
In base 14, what is -7 - -ad?
a6
In base 9, what is -4 - 85?
-100
In base 5, what is 330 - 2?
323
In base 5, what is 423 + 11?
434
In base 7, what is -322 - -42?
-250
In base 15, what is -484 + -5?
-489
In base 10, what is 5 + -83?
-78
In base 2, what is -1110011111100 - -11?
-1110011111001
In base 4, what is -10210 + -2?
-10212
In base 7, what is -31 - 41?
-102
In base 12, what is -48 + 64?
18
In base 11, what is 31 + 4?
35
In base 9, what is 8 - 534?
-525
In base 12, what is 0 - -280?
280
In base 14, what is -d + -3d?
-4c
In base 13, what is -230 - 3?
-233
In base 11, what is -208 + -1?
-209
In base 6, what is -2 - -2004?
2002
In base 6, what is 3324 - 4?
3320
In base 16, what is 106 - 2?
104
In base 13, what is -7 - 159?
-163
In base 5, what is -1020 + -120?
-1140
In base 6, what is 54 - 55?
-1
In base 15, what is -48 + 1?
-47
In base 12, what is -7 - 8?
-13
In base 6, what is 0 + -120?
-120
In base 16, what is 6 - 4df?
-4d9
In base 2, what is 111 - -1010001110?
1010010101
In base 6, what is 10 - -5013?
5023
In base 12, what is -2 + -289?
-28b
In base 12, what is 0 - -107?
107
In base 2, what is -10010111 - -1111010?
-11101
In base 8, what is 5 - 250?
-243
In base 7, what is 4662 - 4?
4655
In base 7, what is 1311 + 1?
1312
In base 15, what is 1363 + -5?
135d
In base 3, what is 201001 - 2?
200222
In base 5, what is -2 + 11020?
11013
In base 12, what is 2 + 26?
28
In base 16, what is 603 - 9?
5fa
In base 4, what is -22003 + 11?
-21332
In base 9, what is 158 - 2?
156
In base 9, what is 132 + 3?
135
In base 11, what is -23 - -84a?
827
In base 9, what is 51 - -5?
56
In base 12, what is -2 - -13?
11
In base 12, what is -19b + 29?
-172
In base 6, what is 343 + 21?
404
In base 14, what is -12 - 12?
-24
In base 13, what is 5 + -ca?
-c5
In base 7, what is 2 + -11?
-6
In base 6, what is -30 - -15?
-11
In base 15, what is -3 + 95?
92
In base 16, what is -28 + -24?
-4c
In base 15, what is 55 + -8?
4c
In base 6, what is 4 + 444?
452
In base 5, what is 3 + 131?
134
In base 5, what is 0 - -104032?
104032
In base 6, what is -135 + 2?
-133
In base 8, what is -22 + 1?
-21
In base 12, what is a + -8?
2
In base 4, what is 23 - 11?
12
In base 3, what is 120 - 12002?
-11112
In base 16, what is 66 + 4?
6a
In base 2, what is 100 + 10101?
11001
In base 8, what is 22 - -130?
152
In base 7, what is -40 - 6?
-46
In base 9, what is 1455 - 4?
1451
In base 8, what is -633 - -10?
-623
In base 13, what is -680 + 3?
-67a
In base 5, what is 3 + 1301?
1304
In base 3, what is 10022 - 102?
2220
In base 10, what is 196 - 5?
191
In base 7, what is -1 - 24466?
-24500
In base 15, what is 1364 - -2?
1366
In base 7, what is -20 + 1?
-16
In base 8, what is 0 + 3224?
3224
In base 13, what is -140 - 1?
-141
In base 10, what is -118 + -7?
-125
In base 14, what is -3 + -79?
-7c
In base 2, what is -100010 + 1000?
-11010
In base 2, what is 1 + -10000110110?
-10000110101
In base 14, what is -18 - -7?
-11
In base 2, what is 100 + 1010110?
1011010
In base 4, what is 1021 + 1?
1022
In base 5, what is 12043 - -11?
12104
In base 15, what is -17d + 3?
-17a
In base 9, what is -5 - 127?
-133
In base 3, what is -111 + 120?
2
In base 8, what is -4 - 141?
-145
In base 13, what is -1 - -161?
160
In base 7, what is -5 + 64?
56
In base 6, what is 11 + -404?
-353
In base 2, what is -1001001101 + 10?
-1001001011
In base 7, what is 1024 - -5?
1032
In base 2, what is 10100 + 